-18*u + 30. Calculate the remainder when 493 is divided by p(0).
13
What is the remainder when ((-950763)/(-517))/(3/1) is divided by 27?
19
Let y = -1 + 3. Suppose -p - 49 = -y*p + r, 0 = -p + 3*r + 41. Suppose 18*o = -118*o + 2584. What is the remainder when p is divided by o?
15
Suppose -4*b = 16, -18*b + 10*b = -5*u + 92. What is the remainder when 544 is divided by u?
4
Let b(k) be the third derivative of -k**4/12 - 11*k**3/3 + 109*k**2. What is the remainder when 46 is divided by b(-15)?
6
Suppose -147*v - 85 = -152*v. Suppose -v*r = -15*r - 150. Let p = 1 + r. Calculate the remainder when p is divided by 13.
11
Let i(q) = 3*q**2 + 9*q + 2. Let p be i(-4). Suppose 0 = -8*h + 86 - p. What is the remainder when 44 is divided by h?
8
Let u be 4*(-3)/12 + 30. Suppose -20*w = -u*w + 144. Calculate the remainder when 318 is divided by w.
14
Let y be (9 - 6) + (-3738)/6. What is the remainder when 207 is divided by y/60*(1 - 3 - 1)?
21
Suppose -7*j + 89 = 5*s, s - 247 = -3*j - 226. Calculate the remainder when 6281 is divided by s.
11
What is the remainder when 7 - (-8 - (-15)/(-4))*8 is divided by 20?
1
Suppose 3*v - 2*y - 272 = 128, 5*v - 4*y = 668. What is the remainder when 2243 is divided by v?
131
Let z = 56 - 52. Suppose -4*b - 116 = 2*r, 4*r = -z*b - 0*b - 244. Let j = 101 + r. What is the remainder when j is divided by 19?
18
Let w = 5 + -3. Suppose -w*m + 18 = 8. Let j = 19 - m. What is the remainder when 38 is divided by j?
10
Suppose -t - v - 136 = -3*t, 4*t + 5*v = 272. Let z = t - 66. What is the remainder when 31 is divided by z/4 + -4*60/(-32)?
7
Suppose 24*l - 2363 = 7*l. Suppose 0 = -3*f + w + 210, -4*f + l + 154 = 3*w. Calculate the remainder when f is divided by 24.
23
Let l(m) = -11*m + 218. What is the remainder when 4979 is divided by l(15)?
50
Suppose -5*v + 5 = 0, -o - o - 5*v - 1699 = 0. Let l = -832 - o. Calculate the remainder when 110 is divided by l.
10
Let a(v) be the second derivative of -v**5/4 - v**4/4 - v**3/6 + 3*v**2 + 56*v - 1. Calculate the remainder when a(-2) is divided by 35.
1
Suppose -4*b - 4*a + 40 = 0, -4*b = -4*a - 48 + 16. Let k be 28/(-70)*(-3 - (-3)/6). What is the remainder when 117 is divided by (b - 2) + (k - 1/1)?
5
Let c = 2522 + -2488. Let j(l) = -21*l - 17. What is the remainder when j(-7) is divided by c?
28
Let g = -196 + 214. Calculate the remainder when 38 is divided by 2/(110/(-900) + 4/g).
18
What is the remainder when 605 is divided by 42/(-10)*(423/(-94) - 1/2)?
17
Let p(w) = 3*w**3 - 10*w + 12. Let a be p(3). Suppose 3*g - a = 312. What is the remainder when g is divided by 9?
8
Let f = -272 + 277. Suppose -f*d = n - 2160, 4*n = 2*d - 358 - 506. Calculate the remainder when d is divided by 15.
12
Suppose 3*c - 148 = 2*c - 5*i, c - i - 136 = 0. What is the remainder when c is divided by (-4)/1 + (-336)/(-12) + 11?
33
What is the remainder when 90 is divided by (1 - 1/7)/(440/(-112) + 4)?
6
Suppose -43*m = -11*m - 3008. Calculate the remainder when 257 is divided by m.
69
Let w(j) = 289*j - 3079. Calculate the remainder when w(14) is divided by 88.
87
Let r = 3021 + -2891. What is the remainder when 386 is divided by r?
126
Let i = 6559 - 6549. Suppose w = -0*w + 4. Suppose w*x - 3*a + 2*a - 34 = 0, 1 = x - 4*a. Calculate the remainder when i is divided by x.
1
Suppose -98*t + 7 + 1120 = -91*t. Calculate the remainder when 383 is divided by t.
61
Suppose 5*b - 2*f - 362 = 0, 0 = -3*b + 5*f - 84 + 305. Suppose s + 3*g = 7*g + 24, 4*g - b = -3*s. What is the remainder when 47 is divided by s?
23
Suppose 2 = 2*h, -3*m + 3*h - 1607 = h. Let i = 769 + m. Let d = i + -159. What is the remainder when d is divided by 19?
18
Suppose 2*t - 78 = -4*d + 30, -2*d + 180 = 4*t. Let k be 47*3/3 + -1. Suppose 0 = -4*b + 138 - k. Calculate the remainder when t is divided by b.
19
Suppose 0*d = -3*d - 4*k + 32, -5*d + 15 = -k. Suppose 4*y + 4 = n, n - 11 = -7*y + d*y. What is the remainder when 37 is divided by n?
5
Let b be 10*(312/(-16))/(-13). Suppose b*h - 242 = -182. What is the remainder when 9 is divided by h?
1
Let a(i) be the first derivative of 12*i + 1/3*i**3 + 3/2*i**2 - 39. Calculate the remainder when a(-5) is divided by 5.
2
Let v be (-12)/(-42) - 80/(-14). Suppose 2 = 4*c + v, -x + 3*c = -36. Calculate the remainder when x is divided by 13.
7
Let c(b) = 7*b**2 + 7*b + 2. Let r be c(-2). Suppose 7*s - 26 = r. Suppose -98 = -s*l + 124. What is the remainder when 146 is divided by l?
35
Suppose -28 - 4 = -y. Suppose -y*q + 492 = -29*q. Calculate the remainder when q is divided by 15.
14
Let i(n) = 2*n + 7. Suppose 4*b - 365 = -4*f + 3*f, -2*b + 155 = -5*f. Calculate the remainder when (b/(-35))/((-6)/112 + 0) is divided by i(5).
14
Let b(i) be the first derivative of 5/2*i**2 - 8*i - 24. What is the remainder when 65 is divided by b(6)?
21
Let a = -91 + 96. Suppose -131 + 141 = a*v. Suppose v*x - 11 + 3 = -2*h, 5*h - x - 14 = 0. Calculate the remainder when h is divided by 2.
1
Let p be (-1)/((11 + -9)/(-16)) - 10. Let m(c) = c**2 - 5 - 3 + 5 - 20*c**3 - 4*c. What is the remainder when m(p) is divided by 43?
40
Let w = -13531 + 13571. Let y(x) = x**3 + 5*x**2 - 3*x - 3. What is the remainder when w is divided by y(-5)?
4
Suppose -39*i + 803 = 34*i. What is the remainder when 362 is divided by i?
10
Suppose 0 = c + 3*z + 6, 2*c + 3*z - 3 = 4*c. Let m be 6 + -2 - 1 - (c + 2). Let h(v) = -2*v**2 + 13*v - 2. What is the remainder when 33 is divided by h(m)?
15
Let d(x) = -37*x - 839. Calculate the remainder when 19282 is divided by d(-23).
10
Suppose 0 = 131*m - 125*m - 900. Calculate the remainder when ((-108)/10)/((-12)/m) is divided by (-2 - -2) + -2 + 25.
20
Suppose 0 = 4*p - 5*f + 25, 0 = -2*p - f + 5. Suppose -5*b - 4*j - 44 + 354 = p, -227 = -4*b + j. Calculate the remainder when b is divided by 17.
7
Let f = 3306 - 3249. Calculate the remainder when 1476 is divided by f.
51
Suppose -655 + 611 = -2*k. What is the remainder when 2929 is divided by k?
3
Suppose -n - 2*n + a = -99, a = -3*n + 93. Calculate the remainder when -12 - (-162)/(-54)*(-220)/6 is divided by n.
2
Let n(u) = u**2 - 10*u - 24. Let h be n(-7). Let m = 0 + h. Suppose 2*w = 127 + m. Calculate the remainder when w is divided by 38.
35
Suppose 2*n + 104 = 2*z, 2*n + 36 = z - 3*n. Suppose -5*u - m - 70 = -6*m, 4*m + 21 = -3*u. Let w = u + z. Calculate the remainder when 131 is divided by w.
41
Let j be (-318)/1*(-12 + 9)/6. Let t = 226 - j. What is the remainder when 130 is divided by t?
63
Suppose -523 - 973 = -136*g. Calculate the remainder when 1774 is divided by g.
3
Let i = 28831 + -28718. Calculate the remainder when 2810 is divided by i.
98
Suppose -5*h = 9 + 301. Calculate the remainder when (h - -2)/((-9)/12) is divided by (-1359)/(-63) - 8/14.
17
Let m = 29 + -43. Let j = 33 + m. Suppose 0 = 5406*l - 5409*l + 159. Calculate the remainder when l is divided by j.
15
Suppose 0 = u + 3*w - 1211 + 1190, 2*u = -3*w + 39. Calculate the remainder when 355 is divided by u.
13
What is the remainder when 2/((-4)/(-3522)) - (8 - 1 - 15) is divided by 23?
21
Calculate the remainder when -10*-35*(-708)/(-120) is divided by 22.
19
Let y = -21 + 31. Let o(j) = 2*j**3 - 52*j**2 - 2*j + 142. Calculate the remainder when o(26) is divided by y.
0
Let d = 1669 - 1667. What is the remainder when 301 is divided by d?
1
Let r(v) = 2*v**2 - 3*v + 3. Let t(f) = 4*f**2 - 3*f + 3. Let u(c) = -3*r(c) + 2*t(c). Calculate the remainder when 10 is divided by u(-3).
4
Suppose 37*a - 5*a = a + 341. What is the remainder when 15762 is divided by a?
10
Let d(y) = -2*y**2 - 2*y + 25. Let s be d(0). Let j be s/(-5) - (-14)/2. Suppose j*m - 93 = 239. Calculate the remainder when m is divided by 24.
22
Suppose 6*o - y = 2*o + 24, 5*o + 3*y - 47 = 0. Calculate the remainder when o is divided by 4 - 118/(-531)*18/(-4).
1
Let a = 619 - 602. What is the remainder when a + 0/(-5 - 1) is divided by 3?
2
Let a(w) = -4*w**2 + 3*w + 2. Let r be a(-2). Let q = 73 + r. Suppose -q = -6*z + 55. Calculate the remainder when 52 is divided by z.
16
Suppose 638 + 1324 = 6*u. Let f = -176 + u. What is the remainder when (40/12)/5 - f/(-3) is divided by 27?
24
Suppose g - 4*w = -3*w + 28, 5*g - 144 = w. What is the remainder when 3671 is divided by g?
17
Suppose u